sands digit of 1535626?
5
What is the thousands digit of 4276361?
6
What is the hundreds digit of 264925?
9
What is the units digit of 16830057?
7
What is the hundreds digit of 3658307?
3
What is the tens digit of 158783?
8
What is the hundreds digit of 8802158?
1
What is the thousands digit of 764167?
4
What is the tens digit of 6950414?
1
What is the units digit of 434300?
0
What is the millions digit of 1270312?
1
What is the hundreds digit of 3175740?
7
What is the hundred thousands digit of 154367?
1
What is the ten thousands digit of 7166689?
6
What is the hundreds digit of 541950?
9
What is the hundreds digit of 527803?
8
What is the thousands digit of 239260?
9
What is the tens digit of 27938?
3
What is the thousands digit of 425430?
5
What is the ten thousands digit of 783561?
8
What is the units digit of 5070583?
3
What is the millions digit of 1377497?
1
What is the ten millions digit of 12392754?
1
What is the units digit of 18060256?
6
What is the tens digit of 2115531?
3
What is the hundreds digit of 20669392?
3
What is the hundreds digit of 9083807?
8
What is the units digit of 1085100?
0
What is the ten thousands digit of 1062071?
6
What is the hundred thousands digit of 2563943?
5
What is the millions digit of 2916362?
2
What is the units digit of 14640359?
9
What is the millions digit of 1568142?
1
What is the hundred thousands digit of 1837900?
8
What is the tens digit of 5544419?
1
What is the hundred thousands digit of 15242044?
2
What is the hundred thousands digit of 1525735?
5
What is the tens digit of 414288?
8
What is the units digit of 6419634?
4
What is the ten thousands digit of 12814429?
1
What is the ten thousands digit of 539443?
3
What is the units digit of 158831?
1
What is the hundred thousands digit of 925162?
9
What is the units digit of 27935?
5
What is the ten thousands digit of 5016666?
1
What is the hundred thousands digit of 232124?
2
What is the tens digit of 81126?
2
What is the tens digit of 1934438?
3
What is the hundreds digit of 439749?
7
What is the hundred thousands digit of 203723?
2
What is the units digit of 127218?
8
What is the thousands digit of 2122255?
2
What is the tens digit of 89540?
4
What is the hundred thousands digit of 1688198?
6
What is the hundreds digit of 43857?
8
What is the ten thousands digit of 18248724?
4
What is the millions digit of 1973360?
1
What is the hundreds digit of 1010413?
4
What is the tens digit of 23070808?
0
What is the thousands digit of 2434917?
4
What is the millions digit of 11874769?
1
What is the units digit of 203006?
6
What is the millions digit of 1551245?
1
What is the thousands digit of 1236948?
6
What is the units digit of 8816256?
6
What is the units digit of 1312046?
6
What is the tens digit of 1104144?
4
What is the hundreds digit of 326384?
3
What is the thousands digit of 10461736?
1
What is the ten thousands digit of 206603?
0
What is the hundred thousands digit of 2649262?
6
What is the millions digit of 1884659?
1
What is the ten thousands digit of 138072?
3
What is the ten thousands digit of 558408?
5
What is the thousands digit of 80907?
0
What is the ten thousands digit of 26656985?
5
What is the tens digit of 1130854?
5
What is the hundreds digit of 516948?
9
What is the thousands digit of 71093?
1
What is the thousands digit of 981592?
1
What is the hundreds digit of 26881682?
6
What is the thousands digit of 67193?
7
What is the ten thousands digit of 220107?
2
What is the millions digit of 5637783?
5
What is the units digit of 1357816?
6
What is the hundreds digit of 557081?
0
What is the thousands digit of 714453?
4
What is the ten thousands digit of 2070596?
7
What is the units digit of 18051345?
5
What is the units digit of 67783?
3
What is the ten thousands digit of 72338?
7
What is the thousands digit of 8220323?
0
What is the hundreds digit of 239484?
4
What is the hundred thousands digit of 4896782?
8
What is the units digit of 927653?
3
What is the hundred thousands digit of 361563?
3
What is the ten thousands digit of 1666825?
6
What is the hundred thousands digit of 190112?
1
What is the ten thousands digit of 1273425?
7
What is the tens digit of 14959517?
1
What is the thousands digit of 1480897?
0
What is the ten millions digit of 19550096?
1
What is the tens digit of 5685929?
2
What is the units digit of 1184316?
6
What is the tens digit of 13144969?
6
What is the tens digit of 4893151?
5
What is the thousands digit of 140424?
0
What is the tens digit of 8566219?
1
What is the tens digit of 29752590?
9
What is the hundred thousands digit of 612818?
6
What is the thousands digit of 14124?
4
What is the hundred thousands digit of 380695?
3
What is the hundreds digit of 454469?
4
What is the ten thousands digit of 445444?
4
What is the thousands digit of 65480?
5
What is the units digit of 65608?
8
What is the tens digit of 481147?
4
What is the hundred thousands digit of 1828875?
8
What is the millions digit of 2787810?
2
What is the hundred thousands digit of 102561?
1
What is the thousands digit of 49732?
9
What is the hundreds digit of 148134?
1
What is the ten thousands digit of 589043?
8
What is the hundred thousands digit of 4958902?
9
What is the hundred thousands digit of 8221501?
2
What is the ten thousands digit of 1038102?
3
What is the thousands digit of 2783629?
3
What is the ten thousands digit of 1133390?
3
What is the thousands digit of 12105637?
5
What is the hundreds digit of 823545?
5
What is the units digit of 442062?
2
What is the thousands digit of 253374?
3
What is the ten thousands digit of 971184?
7
What is the tens digit of 10949503?
0
What is the units digit of 14123?
3
What is the hundreds digit of 331360?
3
What is the hundreds digit of 5173750?
7
What is the units digit of 1476596?
6
What is the hundreds digit of 455107?
1
What is the thousands digit of 48119?
8
What is the hundreds digit of 552924?
9
What is the units digit of 40905?
5
What is the thousands digit of 1220921?
0
What is the thousands digit of 794200?
4
What is the ten thousands digit of 212888?
1
What is the hundreds digit of 5428298?
2
What is the tens digit of 10400287?
8
What is the ten thousands digit of 2862781?
6
What is the hundred thousands digit of 6231004?
2
What is the units digit of 4515159?
9
What is the hundreds digit of 8851944?
9
What is the ten thousands digit of 351034?
5
What is the hundred thousands digit of 1713470?
7
What is the ten thousands digit of 2211485?
1
What is the millions digit of 1500501?
1
What is the hundreds digit of 59529?
5
What is the tens digit of 14536105?
0
What is the ten thousands digit of 570768?
7
What is the thousands digit of 23597304?
7
What is the ten thousands digit of 2252867?
5
What is the units digit of 1663107?
7
What is the tens digit of 146210?
1
What is the hundred thousands digit of 3693390?
6
What is the hundreds digit of 2371375?
3
What is the thousands digit of 14802?
4
What is the units digit of 197970?
0
What is the units digit of 3901220?
0
What is the hundreds digit of 4894891?
8
What is the hundreds digit of 136290?
2
What is the tens digit of 1062543?
4
What is the ten thousands digit of 73770?
7
What is the units digit of 38614080?
0
What is the ten thousands digit of 468430?
6
What is the hundred thousands digit of 2877037?
8
What is the hundred thousands digit of 8516791?
5
What is the thousands digit of 165295?
5
What is the thousands digit of 1391003?
1
What is the tens digit of 72833?
3
What is the units digit of 45269211?
1
What is the tens digit of 29242990?
9
What is the hundreds digit of 1323290?
2
What is the tens digit of 12075788?
8
What is the tens digit of 520626?
2
What is the hundreds digit of 3441081?
0
What is the thousands digit of 539006?
9
What is the millions digit of 1416238?
1
What is the ten thousands digit of 2661547?
6
What is the tens digit of 3724578?
7
What is the tens digit of 966659?
5
What is the hundreds digit of 107435?
4
What is the thousands digit of 16081?
6
What is the units digit of 4270397?
7
What is the ten thousands digit of 237463?
3
What is the thousands digit of 26985397?
5
What is the hundred thousands digit of 491298?
4
What is the hundred thousands digit of 1399834?
3
What is the thousands digit of 14